 l(7)?
-1
Let m(t) = 395*t**2 + 4*t - 36. Let c(n) = -247*n**2 - 2*n + 23. Let i(p) = -8*c(p) - 5*m(p). Let o be (0 - (-2)/(-2))*-3. Determine i(o).
-7
Let m(u) = -u**2 + 9*u - 11. Let q = 377 + 392. Let s = -763 + q. What is m(s)?
7
Let p(w) = -3*w**3 + w**2 + 3*w - 3. Suppose -2*k = 3*f - 359 + 117, 2*f + k = 163. Suppose -76*i + f*i - 16 = 0. Determine p(i).
-17
Let s(w) = 3*w**3 - 119*w**2 + 80*w - 82. Let k be s(39). Let y(z) = z**2 - 13*z - 75. Determine y(k).
-7
Let w(o) = -o - 9. Let l(n) = n**3 + 12*n**2 - 13*n - 6. Let z be l(-13). Let s be z/(-24) - 1/4. Suppose m - 14*m = s. What is w(m)?
-9
Let r(w) be the second derivative of -w**6/120 + 7*w**5/60 + w**4/24 + w**3/6 + 52*w**2 + 21*w - 2. Let m(a) be the first derivative of r(a). Give m(7).
8
Let r(o) be the second derivative of -o**4/12 - 7*o**3/6 + 19*o**2 + 151*o - 1. Calculate r(-10).
8
Let s = -206 + 206. Suppose s = -3*q - 4*q + 98. Let y(x) = -x + 18. Give y(q).
4
Let f(o) be the first derivative of 2*o**3/3 - o**2/2 + 465. Let t = -34 + 35. Give f(t).
1
Let c(u) = 4*u**2 - 7*u + 10044 - 5*u**2 + 10048 - 20100. What is c(-7)?
-8
Let j(k) = -k + 17. Let x be j(12). Let g be (-5)/(-10)*(-7 - x). Let t(y) = -y. Calculate t(g).
6
Let y(t) be the first derivative of t**5/20 + t**4/2 + t**3/3 - t**2/2 - 45*t - 103. Let w(c) be the first derivative of y(c). Calculate w(-5).
14
Suppose 6 + 4 = f. Suppose 6*j + 12 = f*j. Let h(v) = 0*v - 50*v**j + 51*v**3 + 0*v - v**2. Determine h(0).
0
Let c(z) = -7*z**3 - 70*z**2 - 6*z - 284. Let n(i) = -3*i**3 - 34*i**2 - 3*i - 132. Let t(k) = 2*c(k) - 5*n(k). Determine t(-30).
2
Let p(r) = 8*r + 51. Let o = 3298 - 3307. What is p(o)?
-21
Let u be 928/8352 + (0 - 20/18). Let n(s) = -23*s**3 + 2*s + 1. Determine n(u).
22
Let g(i) be the third derivative of -i**5/15 - i**4/6 - i**3/3 + 12*i**2. Let m = 0 - -3. Suppose -4*w + 7 = -m*n + 21, 4 = 2*n. What is g(w)?
-10
Let j(q) = q - 5. Let o be 30/(-4)*232/(-87). Suppose -6*w + 16 + o = 0. Calculate j(w).
1
Let q(o) be the first derivative of o**6/360 + o**5/120 - 2*o**3/3 - 8*o - 65. Let u(s) be the third derivative of q(s). Give u(1).
2
Let y(l) = l**2 - 10*l - 5. Let c(u) = -197*u - 580. Let j be c(-3). Give y(j).
6
Let x(g) = g**2 - 6*g + 3. Let b be x(4). Let v(n) = -10*n - 11. Let s(t) = t + 1. Let o = -1 - 1. Let q(u) = o*v(u) - 18*s(u). What is q(b)?
-6
Let q = -47 + 47. Let p(n) = -1446*n + q - 2 + 1442*n. Give p(-5).
18
Let d = -662419 + 662406. Let k(c) = -10*c - 7*c**3 + 2*c**3 + 11 - 14*c**2 + 4*c**3. What is k(d)?
-28
Let r = 3460 + -3453. Let q(c) = -c**2 + 42. Calculate q(r).
-7
Let v(j) = -j**2 + 3*j + 12. Let s(t) = 878*t + 3521. Let g be s(-4). What is v(g)?
-42
Let z(s) = 1 + 5240*s - 2622*s - 4 - 2586*s. Calculate z(2).
61
Let d(h) = -6*h**2 - 5*h - 4. Let v(b) = -6*b - 61. Let u be v(-10). Determine d(u).
-5
Let g(a) = a**2 + 13*a - 18. Let m be (-24)/64 + ((-54)/16)/(-1). Suppose 0 = -m*y - 5*b - 28 - 4, 3*y + b = -40. What is g(y)?
-4
Let c(s) = s**2 - 8*s + 7. Suppose 2*g = -5*r + 15, 18 = r + 2*g + 23. Suppose r*t + 5 = 30. Calculate c(t).
-8
Let f = -251 + 254. Let l(p) = -4*p + 4*p**2 + 4 + p**f + 2*p - 2 - 4*p. Determine l(-5).
7
Let g(z) = -9*z**2 + z - 29. Let v(a) = -11*a**2 + 2*a - 41. Let r(d) = 4*g(d) - 3*v(d). Determine r(-3).
-14
Let u(r) = -65*r + 519. Let k be u(8). Let s(i) = -8*i**3 - i**2 + i + 2. Calculate s(k).
8
Let d be (-14)/(-10)*(10 - 5). Let f(y) = -d*y**3 + 3*y**3 - 9 + 7*y**2 + 2*y**3 + 3*y**3 - 3*y. Give f(-7).
12
Let b(z) = -2*z - 68. Suppose 18*m + 429 = 69. Determine b(m).
-28
Let x(i) = -10*i + 7. Let h(l) = -12*l + 8. Let q(v) = -4*h(v) + 5*x(v). Let b(j) = j - 3. Let g(y) = -5*b(y) - 4*q(y). Calculate g(6).
21
Let v(f) = -7*f + 197. Let b be (-1914)/(-33)*(-5)/(10/(-1)). What is v(b)?
-6
Let i(v) = -5 - 2 - 2 + 2*v + 3 + 12. Calculate i(1).
8
Let n be (9 - 5)*2*(-14)/(-8). Suppose -7*i = -2*i + 3*u - 14, 3*i - n = u. Suppose q = i, -11 = -3*p - 4*q - 1. Let w(d) = -2*d**2 - 3*d - 2. Calculate w(p).
-4
Let a(v) = -9 - 17*v**2 + 16*v**2 + 11*v + 0 + 7. Determine a(13).
-28
Let u be ((-8)/16*0)/((-3)/(-3)). Let p(c) = 9 + 0 + c + u*c. Calculate p(-10).
-1
Let w = 9069 - 9076. Let i(m) = 27*m + 180. What is i(w)?
-9
Let i(c) be the second derivative of -c**5/120 - c**4/24 + c**3/3 + 4*c. Let z(a) be the second derivative of i(a). Let t = 1727 - 1722. Determine z(t).
-6
Suppose 43 = 5*v - 2*l, 5*v + l - 31 = -0*v. Let f(n) = 1069*n + 30. Let d(t) = 329*t + 10. Let u(p) = 13*d(p) - 4*f(p). What is u(v)?
17
Let p(c) = -26*c + 3. Let z be 6/10 - (-8)/20. Let b be (z - 5)*(3/(-6) - 0). Let t(j) = -13*j + 1. Let r(x) = b*p(x) - 5*t(x). What is r(-1)?
-12
Let w(j) = -269*j**2 + 20*j - 271*j**2 - 277*j**2 - 48 + 818*j**2. Give w(-22).
-4
Let m(y) = -2*y**2 - 23*y - 21. Let r be (15*(-138)/575)/((6/(-5))/(-3)). Give m(r).
24
Let z(a) be the third derivative of a**5/60 + a**4/12 + a**3 + 1236*a**2. Give z(-4).
14
Let q(d) = -d**3 - 5*d**2 + 3*d + 10. Let z be q(-5). Let f(x) = x. Let k(i) = 4*i + 8. Let g(y) = z*f(y) + k(y). Determine g(5).
3
Let d be (2/5)/(25/3625). Let o(y) = y + 2*y + d - 65 - 2*y. Determine o(3).
-4
Suppose 2*o + 0 = k - 4, 0 = -5*k - 4*o + 6. Let t(h) = h**3 + 5*h**2 - h - 3. Let n be t(-4). Let v(y) = -7*y - 2 + n*y**k - 16*y**2 + 0*y. Give v(7).
-2
Let g(d) = 18*d - 58. Suppose -57*j = -6*m - 58*j + 11, -3*j = 3*m + 12. Determine g(m).
-4
Suppose 105*x = 95*x + 990. Suppose 107 - x = r. Let g(b) = -3*b - 8. Determine g(r).
-32
Let i(d) be the first derivative of 26 - 9*d + 128 + 4*d**2 - 11*d + 30 - 3*d**2. Give i(14).
8
Let h(z) = z**2 - 28*z + 11. Suppose -5225 = -314*j + 55*j + 2027. Determine h(j).
11
Let d(x) = x**3 + 4*x**2 + 5*x + 4. Let z = 14 - -16. Suppose 31 - 13 = -t - 4*u, 0 = 5*t - 4*u - z. Suppose -n - 5 = t*q, q + 8*n = 3*n + 11. Determine d(q).
-16
Suppose 0 = 7*j + 621 - 537. Let d(l) be the third derivative of l**5/60 + 5*l**4/12 - l**3 + 2*l**2 - 2. What is d(j)?
18
Let k be ((-9936)/322)/((-3)/14). Let l(t) = -14 + 4 + k*t - 147*t. Calculate l(-5).
5
Let a(o) = 3*o - 4. Let u be -2*(-1 - (-9)/6). Let d be (-6 - -3 - -4)/(u - 0). Let k be (7 - (d - 0))/2. What is a(k)?
8
Let x(k) be the first derivative of -k**3/3 - 4*k**2 - 13*k - 1062. Determine x(-6).
-1
Let n(a) = 3*a**2 - 4*a + 15. Let k(j) = 2*j**2 - 2*j + 7. Suppose -3*z = -4*s + 3, 11 = 2*s + 5*z - 10. Let o(g) = s*n(g) - 5*k(g). What is o(-6)?
-14
Let f(w) = -6*w + 2. Let h = -26821 + 26828. Determine f(h).
-40
Let m be 100/60 + (-52)/(-12) + -4. Let w be ((-6)/5)/((-6)/15). Let h(x) = 3 - m + w - 2 - x. Calculate h(-5).
7
Let u(k) = -7*k - 180. Suppose -514*i = -2425 + 14761. Calculate u(i).
-12
Let l(k) = k**2 - 10*k + 13. Suppose -2*u + 6 + 40 = -5*a, 0 = 5*u - a - 46. Calculate l(u).
-3
Let p(z) be the third derivative of z**5/60 + z**4/4 + 2*z**3/3 - 5*z**2. Let q(l) = 2*l**3 - 31*l**2 - 53*l + 29. Let s be q(17). Give p(s).
-1
Let n(u) = 62*u + 5406. Let w be n(-87). Let y(g) = -g**2 + 22*g - 114. Determine y(w).
6
Let n(m) = 2*m + 19. Let l be n(-13). Let i(h) be the second derivative of -h**5/20 - h**4/2 + 7*h**3/6 - 102*h. What is i(l)?
0
Suppose -5*d = -4*j, 3*j = d + j + 6. Suppose -3*f = -3*u - 30, 4*f = d*u - 3*u + 28. Let r be 1 - f - (14 + -14). Let y(n) = n + 5. Calculate y(r).
0
Let u(i) be the third derivative of 0*i - 7/6*i**3 + 1/6*i**4 + i**2 - 3. Calculate u(4).
9
Suppose -5*q = 4*q. Suppose 3*m + q*m = -5*j + 19, -3*j + 21 = 5*m. Let i(k) = -k**3 + 5*k**2 - 4*k + 2. What is i(j)?
6
Let h(d) = 2. Let l(y) = -y - 13. Let n(c) = 9*h(c) + l(c). Let k be (-2)/((0 - 1)*(-2)/6). Calculate n(k).
11
Let x(i) = -9*i - 38. Let a be x(-6). Suppose -90 = a*q - q. Let s(h) = -h**2 - 8*h - 2. What is s(q)?
10
Let q(i) = -i**3 - i - 1. Suppose 0 = 4*p - 4*w, 6 = -4*p + 3*w + 5. Give q(p).
1
Let g(o) be the third derivative of o**6/120 - 7*o**5/60 - 5*o**4/24 - 17*o**3/6 + 369*o**2. Calculate g(8).
7
Suppose -q = -7, 0 = -2*c + 79*q - 74*q - 25. Let s(f) = 4 - 2*f + f**2 + 3*f - 5*f. Determine s(c).
9
Let c(h) be the second derivative of 15*h**3/2 - 627*h**2/2 + 5119*h. What is c(14)?
3
Let y(h) be the third derivative of h**5/30 - h**4/24 - h**2. Suppose 685 = -20*x + 725. Give y(x).
6
Let x(d) = -15*d + 7. Let c be 1/3 - (132/(-36) - 1). Le